 - 41 = 24. Let i = 1541 + -1533. What is the remainder when j is divided by i?
5
Suppose 13*q = 5*v + 16*q - 566, 4*q = -2*v + 232. Suppose 104*n - v*n + 120 = 0. Suppose 4*m - 6*m + 176 = 0. What is the remainder when m is divided by n?
13
Let q(r) = 9*r**2 - 16*r + 49. Calculate the remainder when q(3) is divided by (-7)/(((-3)/4)/(144/32)).
40
Suppose -g = 3*g - 4*c - 24, -4*g + 49 = c. Suppose -8*v + g = -6*v - 3*x, v + 22 = -4*x. Calculate the remainder when 21 is divided by 4/3*(5 + -17)/v.
5
Let d be 2/(-8) + (-2492)/(-112). Suppose -3*q = -g - 2, -3*q + 5*g + 0*g + d = 0. What is the remainder when 32 is divided by (4 - -5)*(2 + q)?
5
Let n(i) = 72*i + 1. Let r = -9617 + 9628. Calculate the remainder when n(1) is divided by r.
7
Let s(p) = 47*p - 2. Let v be -3 - -2 - (-6)/3. What is the remainder when s(v) is divided by (120/(-25))/(2/(-10))?
21
Calculate the remainder when 210/6*(-102)/(-21) is divided by 72.
26
Suppose 27*y - 32*y - g = -359, 2*y - 148 = 4*g. Calculate the remainder when y is divided by 27.
18
Suppose 64811*i - 64831*i + 1924 + 896 = 0. Calculate the remainder when i is divided by (36/5)/(2/10).
33
Suppose -2*f + 1354 + 1315 - 385 = 0. Calculate the remainder when f is divided by 22.
20
Let g be 3/(108/32 + -3). Let p = g - 8. Suppose p = -m + 6 - 5. What is the remainder when m is divided by 1?
0
Let o = -98 - -112. Calculate the remainder when (-5 - -10)*o - -5 is divided by 20.
15
Suppose 19*b = 6854 + 10394 + 5191. Calculate the remainder when b is divided by 119.
110
Let y = -1485 + 2109. Let n be ((20/9)/(-1))/((-38)/171). Calculate the remainder when y/21 - n/(-35) is divided by 11.
8
Let n = -57 + 40. Let i = 18 - n. Let k = i - 21. What is the remainder when 38 is divided by k?
10
Let n = 58 - -45. Let m(h) = h**3 + 12*h**2 - 45*h + 21. What is the remainder when n is divided by m(-15)?
19
Suppose -27*r - 540 = -22*r. Let a = 28 + r. Let g = a - -82. What is the remainder when 7 is divided by g?
1
Suppose 0 = 43*u - 16650 + 12307. What is the remainder when 2318 is divided by u?
96
Suppose -q = -3*i + 1497, 3*i - 2*q - 851 - 643 = 0. What is the remainder when 1041 is divided by i?
41
Suppose h - 56 = v, 0 = 5*h - v + 3*v - 294. Let d = -8 + 11. Suppose -u - 2*w = -6*u + 68, d*u = w + 40. What is the remainder when h is divided by u?
10
Let b = 19251 + -18822. What is the remainder when b is divided by 27?
24
Let b = -891 - -1012. Calculate the remainder when b is divided by (-404)/(-6) + (-20)/(-30).
53
Suppose 2*v - 14 = 0, -5*f + 10474 = -217*v + 219*v. Calculate the remainder when f is divided by 13.
12
Let c(w) = -58*w - 63. Let s(d) = -4*d**2 - 32*d + 69. Let x be s(2). Calculate the remainder when c(x) is divided by 64.
63
Let h = 161 + -156. Suppose -q + 1 = 0, h*m - 2*q - 51 = 2*q. Calculate the remainder when 98 is divided by m.
10
Let i = 136 - -22. Suppose 3*o = -34*o - 99*o + 2720. Calculate the remainder when i is divided by o.
18
Suppose 0 = 5*g + 138 - 5213. Suppose -g - 125 = -20*u. What is the remainder when 284 is divided by u?
56
Suppose -y + 4*y - 123 = 0. Let d = -37564 + 37571. What is the remainder when y is divided by d?
6
What is the remainder when ((-462)/28)/((42/(-80))/7) is divided by 37?
35
What is the remainder when 3703 is divided by ((-154)/(-88))/((-21)/(-144))?
7
Calculate the remainder when (16119/(-108))/(2 + (-33)/12) is divided by 37.
14
Let o = -15253 - -16061. Calculate the remainder when o is divided by 29.
25
Suppose 16*d = 796 + 964. What is the remainder when 236 is divided by d?
16
Let j(k) = -k**3 - 6*k**2 - 6*k - 3. Suppose -5*i + 18 = 8. Suppose -6*n + i*n + 2*z + 10 = 0, 2*z = -n. Calculate the remainder when n is divided by j(-5).
0
Suppose 4*d = -5*u + 130, -4*u - 1 = -5*d - 146. What is the remainder when 3147 is divided by u?
27
Let u = -528 + 557. What is the remainder when (-3)/(15/(-751)) - u/145 is divided by 31?
26
Let d be 40*(65/130)/(-2 + 60/27). Suppose 0 = 4*z - 7*z + 1104. Suppose -d = n - z. What is the remainder when n is divided by 35?
33
Suppose 46*r - 66*r = -60. Let x(i) = 12*i - 2. What is the remainder when 101 is divided by x(r)?
33
Suppose 265*o = 2433 + 17580 + 11787. Calculate the remainder when o is divided by 7.
1
Let k = -3565 - -3651. What is the remainder when k is divided by 68?
18
Suppose 0 = -2*h + 403 - 367. Suppose 17*b = h*b - 42. What is the remainder when b is divided by 28?
14
What is the remainder when 42 is divided by (-1)/(5/(-3)) - 567/(-105)?
0
Suppose 13*k - 11*k - 50 = 0. Let n = k + -45. Calculate the remainder when (28/n - -1)*-120 is divided by 7.
6
Suppose 741 = -8*p + 27*p. Suppose -15*g + 676 = -5729. What is the remainder when g is divided by p?
37
Let u be -3 - 71 - 6/2. Let c be (-14)/u - (-97)/11. Let y(b) = b**2 - 3*b. What is the remainder when y(c) is divided by 14?
12
Suppose -141 = -14*i - 449. What is the remainder when 80 is divided by 24 + i/20 + 14/140?
11
Let x be (-3)/(12/2) + (-21)/(-6). Let n(c) = 13*c - 3*c - c**x - 4*c - c**3 - 9*c**2 + 11. What is the remainder when 17 is divided by n(-5)?
5
What is the remainder when ((19572/(-9))/(-7))/(0 - (-18)/27) is divided by 183?
100
Let f = -15795 - -15915. Calculate the remainder when 2523 is divided by f.
3
Let l be 159/33 - 5 - 402/(-33). Let y = l + 82. What is the remainder when y is divided by 35?
24
Calculate the remainder when 1082/14*19 + (-15 - (-4360)/280) is divided by 300.
269
Let n(o) = -12*o - 5. Let b(l) = -11*l - 5. Let g(p) = -6*b(p) + 7*n(p). Let a(x) = 15*x**2 - 2*x + 1. What is the remainder when g(-3) is divided by a(-1)?
13
Let v be (-1308)/(-8) + ((-39)/6 - -5). Suppose -v = -194*j + 188*j. Calculate the remainder when 99 is divided by j.
18
Suppose -4*b + 2*x = -472, 626 = 5*b - x + 42. Suppose 5*m - 586 = -2*r + b, -2*m + 702 = 2*r. What is the remainder when r is divided by 71?
67
Let u be ((-747)/12)/(5 + (-129)/24). Let v = u - 109. Calculate the remainder when 113 is divided by v.
56
Let v be 23/((-46)/12) + 6. Suppose v = -17*r + 259 + 897. Calculate the remainder when r is divided by 20.
8
Calculate the remainder when (-1)/10 + 48198984/1840 is divided by 23.
21
Let i be (-2)/5 - (1426/10 + 3). What is the remainder when 149 is divided by i/(-8) - (-6 + 42/8)?
16
Suppose 0 = f + 2*g + 28 - 72, 3*g + 114 = 3*f. What is the remainder when 435 is divided by f?
35
Suppose 3256 - 410 = 39*d - 2848. What is the remainder when d is divided by 64?
18
Let f(w) = -w**3 - 15*w**2 - w - 133. What is the remainder when f(-16) is divided by 23?
1
Suppose 3*n + n - 3*a = 32, -n + 1 = a. What is the remainder when 622 + (25/(-10))/(85/10 + -8) is divided by n?
2
Let t = 1470 - 145. Calculate the remainder when t is divided by 35.
30
Let m = 975 - 958. Suppose 2*n + 2*v - 272 = 0, 2*v = -4*n + 617 - 77. Calculate the remainder when n is divided by m.
15
Let k(g) = g**2 - 22*g - 7. Let y be k(22). Let a(p) = 2*p**2 + 11*p + 12. Calculate the remainder when 125 is divided by a(y).
26
Let f(r) = 9*r**3 - 56*r**2 - 43*r - 15. Calculate the remainder when 216 is divided by f(7).
0
Let l(n) = -17*n - 16. Let k be l(-3). Suppose -36*u + k*u = -23. What is the remainder when 87 is divided by u?
18
Let n = 11 - 4. Let k = 166 + -168. Let u(c) = -31*c - 15. What is the remainder when u(k) is divided by n?
5
Let l(s) = 2*s - 9. Let m be l(-8). Let i be (-30)/m*115/(-2). Let k = 30 - i. Calculate the remainder when k is divided by 10.
9
What is the remainder when 138 is divided by 15*((-14)/(-147))/((-1)/(-49))?
68
Let j(g) = -203*g + 10456. What is the remainder when j(44) is divided by 754?
16
Let t = 123 - 111. Suppose 5*i - t = -2*v + 6, 2*i - 9 = -v. What is the remainder when 40 is divided by v?
4
Suppose -649*a + 620*a = -13862. Calculate the remainder when a is divided by 162.
154
Suppose -444*p + 9024 = -350*p. What is the remainder when 368 is divided by p?
80
Suppose -13*u - 8829 + 12092 = 0. Suppose -47 = -3*c + o + 59, c = 2*o + 32. What is the remainder when u is divided by c?
35
Let h(k) = -k**2 + 73*k - 365. What is the remainder when 788 is divided by h(67)?
11
Suppose 154*o - 16046 = 41*o. Calculate the remainder when o is divided by 16.
14
Let u(j) = -2*j**3 - 11*j**2 - 23*j - 72. Calculate the remainder when u(-9)